{"id":679,"date":"2025-11-27T23:00:26","date_gmt":"2025-11-27T22:00:26","guid":{"rendered":"https:\/\/lalka.boutique\/index.php\/product\/colostrum-vg\/"},"modified":"2025-11-28T00:03:30","modified_gmt":"2025-11-27T23:03:30","slug":"colostrum-vg","status":"publish","type":"product","link":"https:\/\/lalka.boutique\/index.php\/product\/colostrum-vg\/","title":{"rendered":"Colostrum Vg"},"content":{"rendered":"","protected":false},"excerpt":{"rendered":"<p>Serum Colostrum VG to intensywna kuracja uzupe\u0142niaj\u0105ca lipidy, kt\u00f3ra pomaga wzmocni\u0107 barier\u0119 nask\u00f3rkow\u0105, aby zapobiec wysuszeniu sk\u00f3ry na powierzchni i utrzyma\u0107 nawil\u017cenie w jej g\u0142\u0119bszych warstwach. Przywraca nawil\u017cenie poprzez odbudow\u0119 lipidowego filmu ochronnego. Aplikacja produktu przynosi natychmiastow\u0105 ulg\u0119 i d\u0142ugotrwa\u0142y komfort.<\/p>\n","protected":false},"featured_media":678,"template":"","meta":[],"product_brand":[],"product_cat":[15],"product_tag":[],"class_list":{"0":"post-679","1":"product","2":"type-product","3":"status-publish","4":"has-post-thumbnail","6":"product_cat-uncategorized","8":"first","9":"instock","10":"shipping-taxable","11":"purchasable","12":"product-type-simple"},"_links":{"self":[{"href":"https:\/\/lalka.boutique\/index.php\/wp-json\/wp\/v2\/product\/679","targetHints":{"allow":["GET"]}}],"collection":[{"href":"https:\/\/lalka.boutique\/index.php\/wp-json\/wp\/v2\/product"}],"about":[{"href":"https:\/\/lalka.boutique\/index.php\/wp-json\/wp\/v2\/types\/product"}],"wp:featuredmedia":[{"embeddable":true,"href":"https:\/\/lalka.boutique\/index.php\/wp-json\/wp\/v2\/media\/678"}],"wp:attachment":[{"href":"https:\/\/lalka.boutique\/index.php\/wp-json\/wp\/v2\/media?parent=679"}],"wp:term":[{"taxonomy":"product_brand","embeddable":true,"href":"https:\/\/lalka.boutique\/index.php\/wp-json\/wp\/v2\/product_brand?post=679"},{"taxonomy":"product_cat","embeddable":true,"href":"https:\/\/lalka.boutique\/index.php\/wp-json\/wp\/v2\/product_cat?post=679"},{"taxonomy":"product_tag","embeddable":true,"href":"https:\/\/lalka.boutique\/index.php\/wp-json\/wp\/v2\/product_tag?post=679"}],"curies":[{"name":"wp","href":"https:\/\/api.w.org\/{rel}","templated":true}]}}