{"id":701,"date":"2025-11-27T23:00:37","date_gmt":"2025-11-27T22:00:37","guid":{"rendered":"https:\/\/lalka.boutique\/index.php\/product\/creme-contour-yeux-et-levres-biofixine\/"},"modified":"2025-11-27T23:00:37","modified_gmt":"2025-11-27T22:00:37","slug":"creme-contour-yeux-et-levres-biofixine","status":"publish","type":"product","link":"https:\/\/lalka.boutique\/index.php\/product\/creme-contour-yeux-et-levres-biofixine\/","title":{"rendered":"Creme Contour Yeux Et Levres Biofixine"},"content":{"rendered":"","protected":false},"excerpt":{"rendered":"<p>Cr\u00e8me Contour Yeux et L\u00e8vres Biofixine to produkt do piel\u0119gnacji sk\u00f3ry wok\u00f3\u0142 oczu, kt\u00f3ry redukuje zmarszczki i drobne linie. Jego formu\u0142a bogata w antyoksydanty chroni przed szkodliwym wp\u0142ywem \u015brodowiska, tym samym zwalcza oznaki starzenia. Sk\u00f3ra wok\u00f3\u0142 oczu jest wyg\u0142adzona, zmarszczki wype\u0142nione, a kontur ust podkre\u015blony.<\/p>\n","protected":false},"featured_media":700,"template":"","meta":[],"product_brand":[],"product_cat":[15],"product_tag":[],"class_list":{"0":"post-701","1":"product","2":"type-product","3":"status-publish","4":"has-post-thumbnail","6":"product_cat-uncategorized","8":"first","9":"instock","10":"shipping-taxable","11":"purchasable","12":"product-type-simple"},"_links":{"self":[{"href":"https:\/\/lalka.boutique\/index.php\/wp-json\/wp\/v2\/product\/701","targetHints":{"allow":["GET"]}}],"collection":[{"href":"https:\/\/lalka.boutique\/index.php\/wp-json\/wp\/v2\/product"}],"about":[{"href":"https:\/\/lalka.boutique\/index.php\/wp-json\/wp\/v2\/types\/product"}],"wp:featuredmedia":[{"embeddable":true,"href":"https:\/\/lalka.boutique\/index.php\/wp-json\/wp\/v2\/media\/700"}],"wp:attachment":[{"href":"https:\/\/lalka.boutique\/index.php\/wp-json\/wp\/v2\/media?parent=701"}],"wp:term":[{"taxonomy":"product_brand","embeddable":true,"href":"https:\/\/lalka.boutique\/index.php\/wp-json\/wp\/v2\/product_brand?post=701"},{"taxonomy":"product_cat","embeddable":true,"href":"https:\/\/lalka.boutique\/index.php\/wp-json\/wp\/v2\/product_cat?post=701"},{"taxonomy":"product_tag","embeddable":true,"href":"https:\/\/lalka.boutique\/index.php\/wp-json\/wp\/v2\/product_tag?post=701"}],"curies":[{"name":"wp","href":"https:\/\/api.w.org\/{rel}","templated":true}]}}