{"id":705,"date":"2025-11-27T23:00:39","date_gmt":"2025-11-27T22:00:39","guid":{"rendered":"https:\/\/lalka.boutique\/index.php\/product\/creme-dermopurifiante\/"},"modified":"2025-11-27T23:00:39","modified_gmt":"2025-11-27T22:00:39","slug":"creme-dermopurifiante","status":"publish","type":"product","link":"https:\/\/lalka.boutique\/index.php\/product\/creme-dermopurifiante\/","title":{"rendered":"Creme Dermopurifiante"},"content":{"rendered":"","protected":false},"excerpt":{"rendered":"<p>Creme Dermopurifiante reguluje wydzielanie sebum, oczyszcza, redukuje zmiany tr\u0105dzikowe oraz zask\u00f3rniki i zapobiega ich ponownemu pojawianiu si\u0119 oraz zw\u0119\u017ca roszerzone pory. Dodatkowo zawiera sk\u0142adniki \u0142agodz\u0105ce, kt\u00f3re zmniejszaj\u0105 zaczerwienienie i ujednolicaj\u0105 koloryt sk\u00f3ry.<\/p>\n","protected":false},"featured_media":704,"template":"","meta":[],"product_brand":[],"product_cat":[15],"product_tag":[],"class_list":{"0":"post-705","1":"product","2":"type-product","3":"status-publish","4":"has-post-thumbnail","6":"product_cat-uncategorized","8":"first","9":"instock","10":"shipping-taxable","11":"purchasable","12":"product-type-simple"},"_links":{"self":[{"href":"https:\/\/lalka.boutique\/index.php\/wp-json\/wp\/v2\/product\/705","targetHints":{"allow":["GET"]}}],"collection":[{"href":"https:\/\/lalka.boutique\/index.php\/wp-json\/wp\/v2\/product"}],"about":[{"href":"https:\/\/lalka.boutique\/index.php\/wp-json\/wp\/v2\/types\/product"}],"wp:featuredmedia":[{"embeddable":true,"href":"https:\/\/lalka.boutique\/index.php\/wp-json\/wp\/v2\/media\/704"}],"wp:attachment":[{"href":"https:\/\/lalka.boutique\/index.php\/wp-json\/wp\/v2\/media?parent=705"}],"wp:term":[{"taxonomy":"product_brand","embeddable":true,"href":"https:\/\/lalka.boutique\/index.php\/wp-json\/wp\/v2\/product_brand?post=705"},{"taxonomy":"product_cat","embeddable":true,"href":"https:\/\/lalka.boutique\/index.php\/wp-json\/wp\/v2\/product_cat?post=705"},{"taxonomy":"product_tag","embeddable":true,"href":"https:\/\/lalka.boutique\/index.php\/wp-json\/wp\/v2\/product_tag?post=705"}],"curies":[{"name":"wp","href":"https:\/\/api.w.org\/{rel}","templated":true}]}}