{"id":733,"date":"2025-11-27T23:00:56","date_gmt":"2025-11-27T22:00:56","guid":{"rendered":"https:\/\/lalka.boutique\/index.php\/product\/creme-verte-espoir-a-r\/"},"modified":"2025-11-27T23:00:56","modified_gmt":"2025-11-27T22:00:56","slug":"creme-verte-espoir-a-r","status":"publish","type":"product","link":"https:\/\/lalka.boutique\/index.php\/product\/creme-verte-espoir-a-r\/","title":{"rendered":"Creme Verte Espoir A.r."},"content":{"rendered":"","protected":false},"excerpt":{"rendered":"<p>Creme Verte Espoir A.R. zapobiega i ogranicza objawy tr\u0105dziku r\u00f3\u017cowatego. Dzia\u0142a na uszkodzone naczynia w\u0142osowate, wyra\u017anie ograniczaj\u0105c ich widoczno\u015b\u0107 i zmniejszaj\u0105c zakres i nasilenie chronicznego zaczerwienienia. Delikatna i reaktywna sk\u00f3ra ulega natychmiastowemu ukojeniu, a cera odzyskuje jednolity wygl\u0105d.<\/p>\n","protected":false},"featured_media":732,"template":"","meta":[],"product_brand":[],"product_cat":[15],"product_tag":[],"class_list":{"0":"post-733","1":"product","2":"type-product","3":"status-publish","4":"has-post-thumbnail","6":"product_cat-uncategorized","8":"first","9":"instock","10":"shipping-taxable","11":"purchasable","12":"product-type-simple"},"_links":{"self":[{"href":"https:\/\/lalka.boutique\/index.php\/wp-json\/wp\/v2\/product\/733","targetHints":{"allow":["GET"]}}],"collection":[{"href":"https:\/\/lalka.boutique\/index.php\/wp-json\/wp\/v2\/product"}],"about":[{"href":"https:\/\/lalka.boutique\/index.php\/wp-json\/wp\/v2\/types\/product"}],"wp:featuredmedia":[{"embeddable":true,"href":"https:\/\/lalka.boutique\/index.php\/wp-json\/wp\/v2\/media\/732"}],"wp:attachment":[{"href":"https:\/\/lalka.boutique\/index.php\/wp-json\/wp\/v2\/media?parent=733"}],"wp:term":[{"taxonomy":"product_brand","embeddable":true,"href":"https:\/\/lalka.boutique\/index.php\/wp-json\/wp\/v2\/product_brand?post=733"},{"taxonomy":"product_cat","embeddable":true,"href":"https:\/\/lalka.boutique\/index.php\/wp-json\/wp\/v2\/product_cat?post=733"},{"taxonomy":"product_tag","embeddable":true,"href":"https:\/\/lalka.boutique\/index.php\/wp-json\/wp\/v2\/product_tag?post=733"}],"curies":[{"name":"wp","href":"https:\/\/api.w.org\/{rel}","templated":true}]}}