{"id":739,"date":"2025-11-27T23:00:57","date_gmt":"2025-11-27T22:00:57","guid":{"rendered":"https:\/\/lalka.boutique\/index.php\/product\/cryosticks\/"},"modified":"2025-11-27T23:00:58","modified_gmt":"2025-11-27T22:00:58","slug":"cryosticks","status":"publish","type":"product","link":"https:\/\/lalka.boutique\/index.php\/product\/cryosticks\/","title":{"rendered":"Cryosticks"},"content":{"rendered":"","protected":false},"excerpt":{"rendered":"<p>Te wyj\u0105tkowe, zimne \u0142y\u017cki do masa\u017cu obni\u017caj\u0105 temperatur\u0119 sk\u00f3ry, redukuj\u0105 uczucie przegrzania, zapewniaj\u0105c natychmiastowy efekt ukojenia. Ich ergonomiczny kszta\u0142t sprawia, \u017ce mo\u017cna nimi z \u0142atwo\u015bci\u0105 pracowa\u0107 na wszystkich obszarach twarzy, \u0142\u0105cznie z okolic\u0105 oka.<\/p>\n","protected":false},"featured_media":738,"template":"","meta":[],"product_brand":[],"product_cat":[15],"product_tag":[],"class_list":{"0":"post-739","1":"product","2":"type-product","3":"status-publish","4":"has-post-thumbnail","6":"product_cat-uncategorized","8":"first","9":"instock","10":"shipping-taxable","11":"purchasable","12":"product-type-simple"},"_links":{"self":[{"href":"https:\/\/lalka.boutique\/index.php\/wp-json\/wp\/v2\/product\/739","targetHints":{"allow":["GET"]}}],"collection":[{"href":"https:\/\/lalka.boutique\/index.php\/wp-json\/wp\/v2\/product"}],"about":[{"href":"https:\/\/lalka.boutique\/index.php\/wp-json\/wp\/v2\/types\/product"}],"wp:featuredmedia":[{"embeddable":true,"href":"https:\/\/lalka.boutique\/index.php\/wp-json\/wp\/v2\/media\/738"}],"wp:attachment":[{"href":"https:\/\/lalka.boutique\/index.php\/wp-json\/wp\/v2\/media?parent=739"}],"wp:term":[{"taxonomy":"product_brand","embeddable":true,"href":"https:\/\/lalka.boutique\/index.php\/wp-json\/wp\/v2\/product_brand?post=739"},{"taxonomy":"product_cat","embeddable":true,"href":"https:\/\/lalka.boutique\/index.php\/wp-json\/wp\/v2\/product_cat?post=739"},{"taxonomy":"product_tag","embeddable":true,"href":"https:\/\/lalka.boutique\/index.php\/wp-json\/wp\/v2\/product_tag?post=739"}],"curies":[{"name":"wp","href":"https:\/\/api.w.org\/{rel}","templated":true}]}}