{"id":765,"date":"2025-11-27T23:01:59","date_gmt":"2025-11-27T22:01:59","guid":{"rendered":"https:\/\/lalka.boutique\/index.php\/product\/fluide-vip-o2\/"},"modified":"2025-11-27T23:01:59","modified_gmt":"2025-11-27T22:01:59","slug":"fluide-vip-o2","status":"publish","type":"product","link":"https:\/\/lalka.boutique\/index.php\/product\/fluide-vip-o2\/","title":{"rendered":"Fluide Vip O2"},"content":{"rendered":"","protected":false},"excerpt":{"rendered":"<p>Fluide VIP O2 zawiera sk\u0142adniki chroni\u0105ce sk\u00f3r\u0119 przed negatywnym dzia\u0142aniem zanieczyszcze\u0144. Bogaty w innowacyjny Kompleks Dotleniaj\u0105cy Biologique Recherche oraz antyoksydanty pomaga w walce ze stresem oksydacyjnym. Sk\u00f3ra staje si\u0119 widocznie rozja\u015bniona i promienna.<\/p>\n","protected":false},"featured_media":764,"template":"","meta":[],"product_brand":[],"product_cat":[15],"product_tag":[],"class_list":{"0":"post-765","1":"product","2":"type-product","3":"status-publish","4":"has-post-thumbnail","6":"product_cat-uncategorized","8":"first","9":"instock","10":"shipping-taxable","11":"purchasable","12":"product-type-simple"},"_links":{"self":[{"href":"https:\/\/lalka.boutique\/index.php\/wp-json\/wp\/v2\/product\/765","targetHints":{"allow":["GET"]}}],"collection":[{"href":"https:\/\/lalka.boutique\/index.php\/wp-json\/wp\/v2\/product"}],"about":[{"href":"https:\/\/lalka.boutique\/index.php\/wp-json\/wp\/v2\/types\/product"}],"wp:featuredmedia":[{"embeddable":true,"href":"https:\/\/lalka.boutique\/index.php\/wp-json\/wp\/v2\/media\/764"}],"wp:attachment":[{"href":"https:\/\/lalka.boutique\/index.php\/wp-json\/wp\/v2\/media?parent=765"}],"wp:term":[{"taxonomy":"product_brand","embeddable":true,"href":"https:\/\/lalka.boutique\/index.php\/wp-json\/wp\/v2\/product_brand?post=765"},{"taxonomy":"product_cat","embeddable":true,"href":"https:\/\/lalka.boutique\/index.php\/wp-json\/wp\/v2\/product_cat?post=765"},{"taxonomy":"product_tag","embeddable":true,"href":"https:\/\/lalka.boutique\/index.php\/wp-json\/wp\/v2\/product_tag?post=765"}],"curies":[{"name":"wp","href":"https:\/\/api.w.org\/{rel}","templated":true}]}}