{"id":767,"date":"2025-11-27T23:01:59","date_gmt":"2025-11-27T22:01:59","guid":{"rendered":"https:\/\/lalka.boutique\/index.php\/product\/gant-de-massage-corps\/"},"modified":"2025-11-27T23:01:59","modified_gmt":"2025-11-27T22:01:59","slug":"gant-de-massage-corps","status":"publish","type":"product","link":"https:\/\/lalka.boutique\/index.php\/product\/gant-de-massage-corps\/","title":{"rendered":"Gant De Massage Corps"},"content":{"rendered":"","protected":false},"excerpt":{"rendered":"<p>Dwustronna, silikonowa r\u0119kawica do masa\u017cu cia\u0142a wzmacnia dzia\u0142anie \u00a0produkt\u00f3w Biologique Recherche, zapewniaj\u0105c jeszcze szybciej widoczne efekty. Posiada stron\u0119 z ma\u0142ymi wypustkami, kt\u00f3ra pomaga rozbi\u0107 tkank\u0119 t\u0142uszczow\u0105 i stron\u0119 z du\u017cymi wypustkami wspomagaj\u0105c\u0105 wnikanie sk\u0142adnik\u00f3w aktywnych w sk\u00f3r\u0119. \u00a0\u0141atwo j\u0105 utrzyma\u0107 w czysto\u015bci. Ten produkt jest uwa\u017cany za produkt higieniczny i dlatego nie mo\u017ce zosta\u0107 zwr\u00f3cony.<\/p>\n","protected":false},"featured_media":766,"template":"","meta":[],"product_brand":[],"product_cat":[15],"product_tag":[],"class_list":{"0":"post-767","1":"product","2":"type-product","3":"status-publish","4":"has-post-thumbnail","6":"product_cat-uncategorized","8":"first","9":"instock","10":"shipping-taxable","11":"purchasable","12":"product-type-simple"},"_links":{"self":[{"href":"https:\/\/lalka.boutique\/index.php\/wp-json\/wp\/v2\/product\/767","targetHints":{"allow":["GET"]}}],"collection":[{"href":"https:\/\/lalka.boutique\/index.php\/wp-json\/wp\/v2\/product"}],"about":[{"href":"https:\/\/lalka.boutique\/index.php\/wp-json\/wp\/v2\/types\/product"}],"wp:featuredmedia":[{"embeddable":true,"href":"https:\/\/lalka.boutique\/index.php\/wp-json\/wp\/v2\/media\/766"}],"wp:attachment":[{"href":"https:\/\/lalka.boutique\/index.php\/wp-json\/wp\/v2\/media?parent=767"}],"wp:term":[{"taxonomy":"product_brand","embeddable":true,"href":"https:\/\/lalka.boutique\/index.php\/wp-json\/wp\/v2\/product_brand?post=767"},{"taxonomy":"product_cat","embeddable":true,"href":"https:\/\/lalka.boutique\/index.php\/wp-json\/wp\/v2\/product_cat?post=767"},{"taxonomy":"product_tag","embeddable":true,"href":"https:\/\/lalka.boutique\/index.php\/wp-json\/wp\/v2\/product_tag?post=767"}],"curies":[{"name":"wp","href":"https:\/\/api.w.org\/{rel}","templated":true}]}}