{"id":785,"date":"2025-11-27T23:02:10","date_gmt":"2025-11-27T22:02:10","guid":{"rendered":"https:\/\/lalka.boutique\/index.php\/product\/lait-dermo-s\/"},"modified":"2025-11-27T23:02:10","modified_gmt":"2025-11-27T22:02:10","slug":"lait-dermo-s","status":"publish","type":"product","link":"https:\/\/lalka.boutique\/index.php\/product\/lait-dermo-s\/","title":{"rendered":"Lait Dermo-s"},"content":{"rendered":"","protected":false},"excerpt":{"rendered":"<p>Lait Dermo-S delikatnie usuwa makija\u017c i zanieczyszczenia, chroni\u0105c podstawowe funkcje nawet najbardziej wra\u017cliwego nask\u00f3rka. Zawarte w nim koj\u0105ce sk\u0142adniki aktywne ograniczaj\u0105 reakcje sk\u00f3ry wywo\u0142ane przez stres egzogenny i \u0142agodz\u0105 uczucie dyskomfortu spowodowane codziennym oczyszczaniem sk\u00f3ry. Jego formu\u0142a dzia\u0142a \u0142agodz\u0105co, ograniczaj\u0105c reaktywno\u015b\u0107. Nie powoduje podra\u017cnie\u0144, zaczerwienienia ani \u015bci\u0105gni\u0119cia. Sk\u00f3ra odzyskuje r\u00f3wnowag\u0119, jest oczyszczona i nawil\u017cona.<\/p>\n","protected":false},"featured_media":784,"template":"","meta":[],"product_brand":[],"product_cat":[15],"product_tag":[],"class_list":{"0":"post-785","1":"product","2":"type-product","3":"status-publish","4":"has-post-thumbnail","6":"product_cat-uncategorized","8":"first","9":"instock","10":"shipping-taxable","11":"purchasable","12":"product-type-simple"},"_links":{"self":[{"href":"https:\/\/lalka.boutique\/index.php\/wp-json\/wp\/v2\/product\/785","targetHints":{"allow":["GET"]}}],"collection":[{"href":"https:\/\/lalka.boutique\/index.php\/wp-json\/wp\/v2\/product"}],"about":[{"href":"https:\/\/lalka.boutique\/index.php\/wp-json\/wp\/v2\/types\/product"}],"wp:featuredmedia":[{"embeddable":true,"href":"https:\/\/lalka.boutique\/index.php\/wp-json\/wp\/v2\/media\/784"}],"wp:attachment":[{"href":"https:\/\/lalka.boutique\/index.php\/wp-json\/wp\/v2\/media?parent=785"}],"wp:term":[{"taxonomy":"product_brand","embeddable":true,"href":"https:\/\/lalka.boutique\/index.php\/wp-json\/wp\/v2\/product_brand?post=785"},{"taxonomy":"product_cat","embeddable":true,"href":"https:\/\/lalka.boutique\/index.php\/wp-json\/wp\/v2\/product_cat?post=785"},{"taxonomy":"product_tag","embeddable":true,"href":"https:\/\/lalka.boutique\/index.php\/wp-json\/wp\/v2\/product_tag?post=785"}],"curies":[{"name":"wp","href":"https:\/\/api.w.org\/{rel}","templated":true}]}}