{"id":787,"date":"2025-11-27T23:02:10","date_gmt":"2025-11-27T22:02:10","guid":{"rendered":"https:\/\/lalka.boutique\/index.php\/product\/lait-e-v\/"},"modified":"2025-11-27T23:02:10","modified_gmt":"2025-11-27T22:02:10","slug":"lait-e-v","status":"publish","type":"product","link":"https:\/\/lalka.boutique\/index.php\/product\/lait-e-v\/","title":{"rendered":"Lait E.v."},"content":{"rendered":"","protected":false},"excerpt":{"rendered":"<p>Mleczko do demakija\u017cu Lait E.V. o w\u0142a\u015bciwo\u015bciach nawil\u017caj\u0105cych i ochronnych. Jego aktywne sk\u0142adniki utrzymuj\u0105 integralno\u015b\u0107 funkcji barierowej i chroni\u0105 sk\u00f3r\u0119 przed wysuszeniem. Mleczko od\u017cywia, uelastycznia oraz delikatnie usuwa zanieczyszczenia, jednocze\u015bnie zapobiega przesuszeniu. Sk\u00f3ra jest nawil\u017cona, bardziej elastyczna, a uczucie komfortu zostaje przywr\u00f3cone.<\/p>\n","protected":false},"featured_media":786,"template":"","meta":[],"product_brand":[],"product_cat":[15],"product_tag":[],"class_list":{"0":"post-787","1":"product","2":"type-product","3":"status-publish","4":"has-post-thumbnail","6":"product_cat-uncategorized","8":"first","9":"instock","10":"shipping-taxable","11":"purchasable","12":"product-type-simple"},"_links":{"self":[{"href":"https:\/\/lalka.boutique\/index.php\/wp-json\/wp\/v2\/product\/787","targetHints":{"allow":["GET"]}}],"collection":[{"href":"https:\/\/lalka.boutique\/index.php\/wp-json\/wp\/v2\/product"}],"about":[{"href":"https:\/\/lalka.boutique\/index.php\/wp-json\/wp\/v2\/types\/product"}],"wp:featuredmedia":[{"embeddable":true,"href":"https:\/\/lalka.boutique\/index.php\/wp-json\/wp\/v2\/media\/786"}],"wp:attachment":[{"href":"https:\/\/lalka.boutique\/index.php\/wp-json\/wp\/v2\/media?parent=787"}],"wp:term":[{"taxonomy":"product_brand","embeddable":true,"href":"https:\/\/lalka.boutique\/index.php\/wp-json\/wp\/v2\/product_brand?post=787"},{"taxonomy":"product_cat","embeddable":true,"href":"https:\/\/lalka.boutique\/index.php\/wp-json\/wp\/v2\/product_cat?post=787"},{"taxonomy":"product_tag","embeddable":true,"href":"https:\/\/lalka.boutique\/index.php\/wp-json\/wp\/v2\/product_tag?post=787"}],"curies":[{"name":"wp","href":"https:\/\/api.w.org\/{rel}","templated":true}]}}