{"id":789,"date":"2025-11-27T23:02:12","date_gmt":"2025-11-27T22:02:12","guid":{"rendered":"https:\/\/lalka.boutique\/index.php\/product\/lait-s-r\/"},"modified":"2025-11-27T23:02:13","modified_gmt":"2025-11-27T22:02:13","slug":"lait-s-r","status":"publish","type":"product","link":"https:\/\/lalka.boutique\/index.php\/product\/lait-s-r\/","title":{"rendered":"Lait S.r."},"content":{"rendered":"","protected":false},"excerpt":{"rendered":"<p>Lait S.R. to g\u0142\u0119boko oczyszczaj\u0105cy produkt, kt\u00f3ry eliminuje nadmiar sebum z powierzchni nask\u00f3rka. Delikatnie usuwa makija\u017c i zanieczyszczenia, nie zaburzaj\u0105c warstwy hydrolipidowej sk\u00f3ry z tendencj\u0105 do \u0142ojotoku.<br \/>\nJego lekka konsystencja nie pozostawia t\u0142ustego filmu i nadaje uczucie \u015bwie\u017co\u015bci. W ten spos\u00f3b oczyzczona sk\u00f3ra jest zdrowsza, zr\u00f3wnowa\u017cona i bardziej matowa.<\/p>\n","protected":false},"featured_media":788,"template":"","meta":[],"product_brand":[],"product_cat":[15],"product_tag":[],"class_list":{"0":"post-789","1":"product","2":"type-product","3":"status-publish","4":"has-post-thumbnail","6":"product_cat-uncategorized","8":"first","9":"instock","10":"shipping-taxable","11":"purchasable","12":"product-type-simple"},"_links":{"self":[{"href":"https:\/\/lalka.boutique\/index.php\/wp-json\/wp\/v2\/product\/789","targetHints":{"allow":["GET"]}}],"collection":[{"href":"https:\/\/lalka.boutique\/index.php\/wp-json\/wp\/v2\/product"}],"about":[{"href":"https:\/\/lalka.boutique\/index.php\/wp-json\/wp\/v2\/types\/product"}],"wp:featuredmedia":[{"embeddable":true,"href":"https:\/\/lalka.boutique\/index.php\/wp-json\/wp\/v2\/media\/788"}],"wp:attachment":[{"href":"https:\/\/lalka.boutique\/index.php\/wp-json\/wp\/v2\/media?parent=789"}],"wp:term":[{"taxonomy":"product_brand","embeddable":true,"href":"https:\/\/lalka.boutique\/index.php\/wp-json\/wp\/v2\/product_brand?post=789"},{"taxonomy":"product_cat","embeddable":true,"href":"https:\/\/lalka.boutique\/index.php\/wp-json\/wp\/v2\/product_cat?post=789"},{"taxonomy":"product_tag","embeddable":true,"href":"https:\/\/lalka.boutique\/index.php\/wp-json\/wp\/v2\/product_tag?post=789"}],"curies":[{"name":"wp","href":"https:\/\/api.w.org\/{rel}","templated":true}]}}