{"id":795,"date":"2025-11-27T23:02:15","date_gmt":"2025-11-27T22:02:15","guid":{"rendered":"https:\/\/lalka.boutique\/index.php\/product\/leauxygenante\/"},"modified":"2025-11-27T23:02:16","modified_gmt":"2025-11-27T22:02:16","slug":"leauxygenante","status":"publish","type":"product","link":"https:\/\/lalka.boutique\/index.php\/product\/leauxygenante\/","title":{"rendered":"L&#8217;eauxygenante"},"content":{"rendered":"","protected":false},"excerpt":{"rendered":"<p>L&#8217;Eauxyg\u00e9nante to od\u015bwie\u017caj\u0105ca, nawil\u017caj\u0105ca mgie\u0142ka zawieraj\u0105ca innowacyjny kompleks dotleniaj\u0105cy, chroni\u0105cy przed zanieczyszczeniami. Nadaje sk\u00f3rze pi\u0119kny wygl\u0105d, przywraca cerze blask, a makija\u017c staje si\u0119 trwalszy. Jest bogata w witaminy A i C pochodz\u0105ce z wyci\u0105g\u00f3w z pomara\u0144czy oraz kiwi. Zawiera ekstrakt z szarotki alpejskiej zwalczaj\u0105cy wolne rodniki, a tak\u017ce og\u00f3rka i jedwabiu.<\/p>\n","protected":false},"featured_media":794,"template":"","meta":[],"product_brand":[],"product_cat":[15],"product_tag":[],"class_list":{"0":"post-795","1":"product","2":"type-product","3":"status-publish","4":"has-post-thumbnail","6":"product_cat-uncategorized","8":"first","9":"instock","10":"shipping-taxable","11":"purchasable","12":"product-type-simple"},"_links":{"self":[{"href":"https:\/\/lalka.boutique\/index.php\/wp-json\/wp\/v2\/product\/795","targetHints":{"allow":["GET"]}}],"collection":[{"href":"https:\/\/lalka.boutique\/index.php\/wp-json\/wp\/v2\/product"}],"about":[{"href":"https:\/\/lalka.boutique\/index.php\/wp-json\/wp\/v2\/types\/product"}],"wp:featuredmedia":[{"embeddable":true,"href":"https:\/\/lalka.boutique\/index.php\/wp-json\/wp\/v2\/media\/794"}],"wp:attachment":[{"href":"https:\/\/lalka.boutique\/index.php\/wp-json\/wp\/v2\/media?parent=795"}],"wp:term":[{"taxonomy":"product_brand","embeddable":true,"href":"https:\/\/lalka.boutique\/index.php\/wp-json\/wp\/v2\/product_brand?post=795"},{"taxonomy":"product_cat","embeddable":true,"href":"https:\/\/lalka.boutique\/index.php\/wp-json\/wp\/v2\/product_cat?post=795"},{"taxonomy":"product_tag","embeddable":true,"href":"https:\/\/lalka.boutique\/index.php\/wp-json\/wp\/v2\/product_tag?post=795"}],"curies":[{"name":"wp","href":"https:\/\/api.w.org\/{rel}","templated":true}]}}