{"id":813,"date":"2025-11-27T23:02:48","date_gmt":"2025-11-27T22:02:48","guid":{"rendered":"https:\/\/lalka.boutique\/index.php\/product\/lotion-p50-capillaire\/"},"modified":"2025-11-27T23:02:48","modified_gmt":"2025-11-27T22:02:48","slug":"lotion-p50-capillaire","status":"publish","type":"product","link":"https:\/\/lalka.boutique\/index.php\/product\/lotion-p50-capillaire\/","title":{"rendered":"Lotion P50 Capillaire"},"content":{"rendered":"","protected":false},"excerpt":{"rendered":"<p>Lotion P50 Capillaire zawiera podstawowe sk\u0142adniki formu\u0142y P50, a tak\u017ce sk\u0142adniki aktywne przeznaczone specjalnie do sk\u00f3ry g\u0142owy. Reguluje wydzielanie sebum, przywraca prawid\u0142owe pH, redukuje sw\u0119dzenie. Oczyszcza i r\u00f3wnowa\u017cy.<\/p>\n","protected":false},"featured_media":812,"template":"","meta":[],"product_brand":[],"product_cat":[15],"product_tag":[],"class_list":{"0":"post-813","1":"product","2":"type-product","3":"status-publish","4":"has-post-thumbnail","6":"product_cat-uncategorized","8":"first","9":"instock","10":"shipping-taxable","11":"purchasable","12":"product-type-simple"},"_links":{"self":[{"href":"https:\/\/lalka.boutique\/index.php\/wp-json\/wp\/v2\/product\/813","targetHints":{"allow":["GET"]}}],"collection":[{"href":"https:\/\/lalka.boutique\/index.php\/wp-json\/wp\/v2\/product"}],"about":[{"href":"https:\/\/lalka.boutique\/index.php\/wp-json\/wp\/v2\/types\/product"}],"wp:featuredmedia":[{"embeddable":true,"href":"https:\/\/lalka.boutique\/index.php\/wp-json\/wp\/v2\/media\/812"}],"wp:attachment":[{"href":"https:\/\/lalka.boutique\/index.php\/wp-json\/wp\/v2\/media?parent=813"}],"wp:term":[{"taxonomy":"product_brand","embeddable":true,"href":"https:\/\/lalka.boutique\/index.php\/wp-json\/wp\/v2\/product_brand?post=813"},{"taxonomy":"product_cat","embeddable":true,"href":"https:\/\/lalka.boutique\/index.php\/wp-json\/wp\/v2\/product_cat?post=813"},{"taxonomy":"product_tag","embeddable":true,"href":"https:\/\/lalka.boutique\/index.php\/wp-json\/wp\/v2\/product_tag?post=813"}],"curies":[{"name":"wp","href":"https:\/\/api.w.org\/{rel}","templated":true}]}}