{"id":815,"date":"2025-11-27T23:02:52","date_gmt":"2025-11-27T22:02:52","guid":{"rendered":"https:\/\/lalka.boutique\/index.php\/product\/lotion-p50-corps\/"},"modified":"2025-11-27T23:02:52","modified_gmt":"2025-11-27T22:02:52","slug":"lotion-p50-corps","status":"publish","type":"product","link":"https:\/\/lalka.boutique\/index.php\/product\/lotion-p50-corps\/","title":{"rendered":"Lotion P50 Corps"},"content":{"rendered":"","protected":false},"excerpt":{"rendered":"<p>Lotion P50 Corps zawiera podstawowe sk\u0142adniki formu\u0142y P50 wykazuj\u0105c intensywniejsze dzia\u0142anie z\u0142uszczaj\u0105ce, dostosowane do specyficznej grubo\u015bci sk\u00f3ry na ciele. Uj\u0119drnia, oczyszcza, przywraca r\u00f3wnowag\u0119 i przygotowuje nask\u00f3rek do kolejnych etap\u00f3w piel\u0119gnacji.<\/p>\n","protected":false},"featured_media":814,"template":"","meta":[],"product_brand":[],"product_cat":[15],"product_tag":[],"class_list":{"0":"post-815","1":"product","2":"type-product","3":"status-publish","4":"has-post-thumbnail","6":"product_cat-uncategorized","8":"first","9":"instock","10":"shipping-taxable","11":"purchasable","12":"product-type-simple"},"_links":{"self":[{"href":"https:\/\/lalka.boutique\/index.php\/wp-json\/wp\/v2\/product\/815","targetHints":{"allow":["GET"]}}],"collection":[{"href":"https:\/\/lalka.boutique\/index.php\/wp-json\/wp\/v2\/product"}],"about":[{"href":"https:\/\/lalka.boutique\/index.php\/wp-json\/wp\/v2\/types\/product"}],"wp:featuredmedia":[{"embeddable":true,"href":"https:\/\/lalka.boutique\/index.php\/wp-json\/wp\/v2\/media\/814"}],"wp:attachment":[{"href":"https:\/\/lalka.boutique\/index.php\/wp-json\/wp\/v2\/media?parent=815"}],"wp:term":[{"taxonomy":"product_brand","embeddable":true,"href":"https:\/\/lalka.boutique\/index.php\/wp-json\/wp\/v2\/product_brand?post=815"},{"taxonomy":"product_cat","embeddable":true,"href":"https:\/\/lalka.boutique\/index.php\/wp-json\/wp\/v2\/product_cat?post=815"},{"taxonomy":"product_tag","embeddable":true,"href":"https:\/\/lalka.boutique\/index.php\/wp-json\/wp\/v2\/product_tag?post=815"}],"curies":[{"name":"wp","href":"https:\/\/api.w.org\/{rel}","templated":true}]}}