{"id":823,"date":"2025-11-27T23:02:56","date_gmt":"2025-11-27T22:02:56","guid":{"rendered":"https:\/\/lalka.boutique\/index.php\/product\/masque-bain-de-plantes\/"},"modified":"2025-11-27T23:02:56","modified_gmt":"2025-11-27T22:02:56","slug":"masque-bain-de-plantes","status":"publish","type":"product","link":"https:\/\/lalka.boutique\/index.php\/product\/masque-bain-de-plantes\/","title":{"rendered":"Masque Bain De Plantes"},"content":{"rendered":"","protected":false},"excerpt":{"rendered":"<p>Masque Bain de Plantes przeznaczona jest do stosowania na sk\u00f3r\u0119 cia\u0142a, twarzy i g\u0142owy. Formu\u0142a ze sk\u0142adnikami aktywnymi o dzia\u0142aniu oczyszczaj\u0105cym oraz reguluj\u0105cym wydzielanie sebum pomaga usun\u0105\u0107 jego nadmiar z powierzchni sk\u00f3ry. Nie podra\u017cnia i nie wysusza. Sk\u00f3ra zostaje zr\u00f3wnowa\u017cona i g\u0142\u0119boko oczyszczona.<\/p>\n","protected":false},"featured_media":822,"template":"","meta":[],"product_brand":[],"product_cat":[15],"product_tag":[],"class_list":{"0":"post-823","1":"product","2":"type-product","3":"status-publish","4":"has-post-thumbnail","6":"product_cat-uncategorized","8":"first","9":"instock","10":"shipping-taxable","11":"purchasable","12":"product-type-simple"},"_links":{"self":[{"href":"https:\/\/lalka.boutique\/index.php\/wp-json\/wp\/v2\/product\/823","targetHints":{"allow":["GET"]}}],"collection":[{"href":"https:\/\/lalka.boutique\/index.php\/wp-json\/wp\/v2\/product"}],"about":[{"href":"https:\/\/lalka.boutique\/index.php\/wp-json\/wp\/v2\/types\/product"}],"wp:featuredmedia":[{"embeddable":true,"href":"https:\/\/lalka.boutique\/index.php\/wp-json\/wp\/v2\/media\/822"}],"wp:attachment":[{"href":"https:\/\/lalka.boutique\/index.php\/wp-json\/wp\/v2\/media?parent=823"}],"wp:term":[{"taxonomy":"product_brand","embeddable":true,"href":"https:\/\/lalka.boutique\/index.php\/wp-json\/wp\/v2\/product_brand?post=823"},{"taxonomy":"product_cat","embeddable":true,"href":"https:\/\/lalka.boutique\/index.php\/wp-json\/wp\/v2\/product_cat?post=823"},{"taxonomy":"product_tag","embeddable":true,"href":"https:\/\/lalka.boutique\/index.php\/wp-json\/wp\/v2\/product_tag?post=823"}],"curies":[{"name":"wp","href":"https:\/\/api.w.org\/{rel}","templated":true}]}}