{"id":835,"date":"2025-11-27T23:03:03","date_gmt":"2025-11-27T22:03:03","guid":{"rendered":"https:\/\/lalka.boutique\/index.php\/product\/masque-vip-o2\/"},"modified":"2025-11-27T23:03:03","modified_gmt":"2025-11-27T22:03:03","slug":"masque-vip-o2","status":"publish","type":"product","link":"https:\/\/lalka.boutique\/index.php\/product\/masque-vip-o2\/","title":{"rendered":"Masque Vip O2"},"content":{"rendered":"","protected":false},"excerpt":{"rendered":"<p>Masque VIP O2 neutralizuje zanieczyszczenia, zapobiegaj\u0105c ich przedostawaniu si\u0119 do kom\u00f3rek sk\u00f3ry oraz eliminuje kom\u00f3rkowe produkty odpadowe powsta\u0142e w wyniku utleniania lipid\u00f3w i bia\u0142ek. Doskonale nawil\u017ca sk\u00f3r\u0119 nara\u017con\u0105 na zanieczyszczenia atmosferyczne zwi\u0105zane z \u017cyciem w mie\u015bcie. Dzi\u0119ki intensywnemu dzia\u0142aniu detoksykacyjnemu cera jest bardziej roz\u015bwietlona, odzyskuje blask i promienno\u015b\u0107.<\/p>\n","protected":false},"featured_media":834,"template":"","meta":[],"product_brand":[],"product_cat":[15],"product_tag":[],"class_list":{"0":"post-835","1":"product","2":"type-product","3":"status-publish","4":"has-post-thumbnail","6":"product_cat-uncategorized","8":"first","9":"instock","10":"shipping-taxable","11":"purchasable","12":"product-type-simple"},"_links":{"self":[{"href":"https:\/\/lalka.boutique\/index.php\/wp-json\/wp\/v2\/product\/835","targetHints":{"allow":["GET"]}}],"collection":[{"href":"https:\/\/lalka.boutique\/index.php\/wp-json\/wp\/v2\/product"}],"about":[{"href":"https:\/\/lalka.boutique\/index.php\/wp-json\/wp\/v2\/types\/product"}],"wp:featuredmedia":[{"embeddable":true,"href":"https:\/\/lalka.boutique\/index.php\/wp-json\/wp\/v2\/media\/834"}],"wp:attachment":[{"href":"https:\/\/lalka.boutique\/index.php\/wp-json\/wp\/v2\/media?parent=835"}],"wp:term":[{"taxonomy":"product_brand","embeddable":true,"href":"https:\/\/lalka.boutique\/index.php\/wp-json\/wp\/v2\/product_brand?post=835"},{"taxonomy":"product_cat","embeddable":true,"href":"https:\/\/lalka.boutique\/index.php\/wp-json\/wp\/v2\/product_cat?post=835"},{"taxonomy":"product_tag","embeddable":true,"href":"https:\/\/lalka.boutique\/index.php\/wp-json\/wp\/v2\/product_tag?post=835"}],"curies":[{"name":"wp","href":"https:\/\/api.w.org\/{rel}","templated":true}]}}