{"id":869,"date":"2025-11-27T23:03:25","date_gmt":"2025-11-27T22:03:25","guid":{"rendered":"https:\/\/lalka.boutique\/index.php\/product\/serum-grand-millesime\/"},"modified":"2025-11-27T23:03:25","modified_gmt":"2025-11-27T22:03:25","slug":"serum-grand-millesime","status":"publish","type":"product","link":"https:\/\/lalka.boutique\/index.php\/product\/serum-grand-millesime\/","title":{"rendered":"Serum Grand Millesime"},"content":{"rendered":"","protected":false},"excerpt":{"rendered":"<p>S\u00e9rum Grand Mill\u00e9sime zawiera bogactwo regeneruj\u0105cych sk\u0142adnik\u00f3w aktywnych, kt\u00f3re pomagaj\u0105 spowalnia\u0107 oznaki starzenia, wyg\u0142adza\u0107 zmarszczki i drobne linie oraz poprawi\u0107 napi\u0119cie sk\u00f3ry. Wzmacnia naturalne mechanizmy obronne sk\u00f3ry.<\/p>\n","protected":false},"featured_media":868,"template":"","meta":[],"product_brand":[],"product_cat":[15],"product_tag":[],"class_list":{"0":"post-869","1":"product","2":"type-product","3":"status-publish","4":"has-post-thumbnail","6":"product_cat-uncategorized","8":"first","9":"instock","10":"shipping-taxable","11":"purchasable","12":"product-type-simple"},"_links":{"self":[{"href":"https:\/\/lalka.boutique\/index.php\/wp-json\/wp\/v2\/product\/869","targetHints":{"allow":["GET"]}}],"collection":[{"href":"https:\/\/lalka.boutique\/index.php\/wp-json\/wp\/v2\/product"}],"about":[{"href":"https:\/\/lalka.boutique\/index.php\/wp-json\/wp\/v2\/types\/product"}],"wp:featuredmedia":[{"embeddable":true,"href":"https:\/\/lalka.boutique\/index.php\/wp-json\/wp\/v2\/media\/868"}],"wp:attachment":[{"href":"https:\/\/lalka.boutique\/index.php\/wp-json\/wp\/v2\/media?parent=869"}],"wp:term":[{"taxonomy":"product_brand","embeddable":true,"href":"https:\/\/lalka.boutique\/index.php\/wp-json\/wp\/v2\/product_brand?post=869"},{"taxonomy":"product_cat","embeddable":true,"href":"https:\/\/lalka.boutique\/index.php\/wp-json\/wp\/v2\/product_cat?post=869"},{"taxonomy":"product_tag","embeddable":true,"href":"https:\/\/lalka.boutique\/index.php\/wp-json\/wp\/v2\/product_tag?post=869"}],"curies":[{"name":"wp","href":"https:\/\/api.w.org\/{rel}","templated":true}]}}