{"id":871,"date":"2025-11-27T23:03:26","date_gmt":"2025-11-27T22:03:26","guid":{"rendered":"https:\/\/lalka.boutique\/index.php\/product\/serum-matriciel\/"},"modified":"2025-11-27T23:03:26","modified_gmt":"2025-11-27T22:03:26","slug":"serum-matriciel","status":"publish","type":"product","link":"https:\/\/lalka.boutique\/index.php\/product\/serum-matriciel\/","title":{"rendered":"Serum Matriciel"},"content":{"rendered":"","protected":false},"excerpt":{"rendered":"<p>S\u00e9rum Matriciel to produkt o intensywnym dzia\u0142aniu uj\u0119drniaj\u0105cym. Wzmacnia struktur\u0119 sk\u00f3ry, przez co staje si\u0119 ona bardziej zwarta i mniej zwiotcza\u0142a. Widocznie poprawia napi\u0119cie, przywraca elastyczno\u015b\u0107 oraz g\u0142adko\u015b\u0107.<\/p>\n","protected":false},"featured_media":870,"template":"","meta":[],"product_brand":[],"product_cat":[15],"product_tag":[],"class_list":{"0":"post-871","1":"product","2":"type-product","3":"status-publish","4":"has-post-thumbnail","6":"product_cat-uncategorized","8":"first","9":"instock","10":"shipping-taxable","11":"purchasable","12":"product-type-simple"},"_links":{"self":[{"href":"https:\/\/lalka.boutique\/index.php\/wp-json\/wp\/v2\/product\/871","targetHints":{"allow":["GET"]}}],"collection":[{"href":"https:\/\/lalka.boutique\/index.php\/wp-json\/wp\/v2\/product"}],"about":[{"href":"https:\/\/lalka.boutique\/index.php\/wp-json\/wp\/v2\/types\/product"}],"wp:featuredmedia":[{"embeddable":true,"href":"https:\/\/lalka.boutique\/index.php\/wp-json\/wp\/v2\/media\/870"}],"wp:attachment":[{"href":"https:\/\/lalka.boutique\/index.php\/wp-json\/wp\/v2\/media?parent=871"}],"wp:term":[{"taxonomy":"product_brand","embeddable":true,"href":"https:\/\/lalka.boutique\/index.php\/wp-json\/wp\/v2\/product_brand?post=871"},{"taxonomy":"product_cat","embeddable":true,"href":"https:\/\/lalka.boutique\/index.php\/wp-json\/wp\/v2\/product_cat?post=871"},{"taxonomy":"product_tag","embeddable":true,"href":"https:\/\/lalka.boutique\/index.php\/wp-json\/wp\/v2\/product_tag?post=871"}],"curies":[{"name":"wp","href":"https:\/\/api.w.org\/{rel}","templated":true}]}}