{"id":877,"date":"2025-11-27T23:03:40","date_gmt":"2025-11-27T22:03:40","guid":{"rendered":"https:\/\/lalka.boutique\/index.php\/product\/serum-t-e-w-l\/"},"modified":"2025-11-27T23:03:40","modified_gmt":"2025-11-27T22:03:40","slug":"serum-t-e-w-l","status":"publish","type":"product","link":"https:\/\/lalka.boutique\/index.php\/product\/serum-t-e-w-l\/","title":{"rendered":"Serum T.e.w.l."},"content":{"rendered":"","protected":false},"excerpt":{"rendered":"<p>Doskona\u0142e serum do sk\u00f3ry suchej i bardzo suchej, kt\u00f3re natychmiast relipiduje, prowadzi do odbudowy hydrolipidowego p\u0142aszcza ochronnego i zapobiega kom\u00f3rkowej ucieczce wody. Sk\u00f3ra po zastosowaniu Serum T.E.W.L. odzyskuje komfort, uczucie \u015bci\u0105gni\u0119cia zostaje wyeliminowane, a cera jest optymalnie chroniona przed agresywnymi czynnikami zewn\u0119trznymi, takimi jak wiatr czy mr\u00f3z.<br \/>\nTo doskona\u0142a zimowa piel\u0119gnacja sk\u00f3ry suchej oraz terapia S.O.S. sk\u00f3ry bardzo suchej.<\/p>\n","protected":false},"featured_media":876,"template":"","meta":[],"product_brand":[],"product_cat":[15],"product_tag":[],"class_list":{"0":"post-877","1":"product","2":"type-product","3":"status-publish","4":"has-post-thumbnail","6":"product_cat-uncategorized","8":"first","9":"instock","10":"shipping-taxable","11":"purchasable","12":"product-type-simple"},"_links":{"self":[{"href":"https:\/\/lalka.boutique\/index.php\/wp-json\/wp\/v2\/product\/877","targetHints":{"allow":["GET"]}}],"collection":[{"href":"https:\/\/lalka.boutique\/index.php\/wp-json\/wp\/v2\/product"}],"about":[{"href":"https:\/\/lalka.boutique\/index.php\/wp-json\/wp\/v2\/types\/product"}],"wp:featuredmedia":[{"embeddable":true,"href":"https:\/\/lalka.boutique\/index.php\/wp-json\/wp\/v2\/media\/876"}],"wp:attachment":[{"href":"https:\/\/lalka.boutique\/index.php\/wp-json\/wp\/v2\/media?parent=877"}],"wp:term":[{"taxonomy":"product_brand","embeddable":true,"href":"https:\/\/lalka.boutique\/index.php\/wp-json\/wp\/v2\/product_brand?post=877"},{"taxonomy":"product_cat","embeddable":true,"href":"https:\/\/lalka.boutique\/index.php\/wp-json\/wp\/v2\/product_cat?post=877"},{"taxonomy":"product_tag","embeddable":true,"href":"https:\/\/lalka.boutique\/index.php\/wp-json\/wp\/v2\/product_tag?post=877"}],"curies":[{"name":"wp","href":"https:\/\/api.w.org\/{rel}","templated":true}]}}