{"id":911,"date":"2025-11-27T23:04:14","date_gmt":"2025-11-27T22:04:14","guid":{"rendered":"https:\/\/lalka.boutique\/index.php\/product\/shampooing-nutri-k\/"},"modified":"2025-11-27T23:04:14","modified_gmt":"2025-11-27T22:04:14","slug":"shampooing-nutri-k","status":"publish","type":"product","link":"https:\/\/lalka.boutique\/index.php\/product\/shampooing-nutri-k\/","title":{"rendered":"Shampooing Nutri-k"},"content":{"rendered":"","protected":false},"excerpt":{"rendered":"<p>Szampon Nutri-K dzia\u0142a od\u017cywczo i naprawczo. Odbudowuje warstw\u0119 hydrolipidow\u0105 sk\u00f3ry, chroni\u0105c przed wysuszeniem. W\u0142osy odzyskuj\u0105 blask, elastyczno\u015b\u0107 i mi\u0119kko\u015b\u0107.<\/p>\n","protected":false},"featured_media":910,"template":"","meta":[],"product_brand":[],"product_cat":[15],"product_tag":[],"class_list":{"0":"post-911","1":"product","2":"type-product","3":"status-publish","4":"has-post-thumbnail","6":"product_cat-uncategorized","8":"first","9":"instock","10":"shipping-taxable","11":"purchasable","12":"product-type-simple"},"_links":{"self":[{"href":"https:\/\/lalka.boutique\/index.php\/wp-json\/wp\/v2\/product\/911","targetHints":{"allow":["GET"]}}],"collection":[{"href":"https:\/\/lalka.boutique\/index.php\/wp-json\/wp\/v2\/product"}],"about":[{"href":"https:\/\/lalka.boutique\/index.php\/wp-json\/wp\/v2\/types\/product"}],"wp:featuredmedia":[{"embeddable":true,"href":"https:\/\/lalka.boutique\/index.php\/wp-json\/wp\/v2\/media\/910"}],"wp:attachment":[{"href":"https:\/\/lalka.boutique\/index.php\/wp-json\/wp\/v2\/media?parent=911"}],"wp:term":[{"taxonomy":"product_brand","embeddable":true,"href":"https:\/\/lalka.boutique\/index.php\/wp-json\/wp\/v2\/product_brand?post=911"},{"taxonomy":"product_cat","embeddable":true,"href":"https:\/\/lalka.boutique\/index.php\/wp-json\/wp\/v2\/product_cat?post=911"},{"taxonomy":"product_tag","embeddable":true,"href":"https:\/\/lalka.boutique\/index.php\/wp-json\/wp\/v2\/product_tag?post=911"}],"curies":[{"name":"wp","href":"https:\/\/api.w.org\/{rel}","templated":true}]}}